 4*f. Calculate the highest common divisor of 33 and j.
3
Let s = 4 - -3. Let r(m) = m**2 - 2*m. Let y be r(s). Calculate the greatest common factor of 7 and y.
7
Let p be 0 + -1 - (5 - 2). Let o be (-2)/p*28/2. Let f = o + 4. What is the highest common factor of f and 55?
11
Suppose -5*c = 2*u - 166, -3*c + 4*u = -34 - 50. Calculate the greatest common divisor of 24 and c.
8
Suppose -20 = 4*z - 132. Suppose -8*w + 2*w = -252. Calculate the highest common divisor of w and z.
14
Let g(p) = -p**3 + 5*p**2 + 2*p - 1. Let y be g(5). Suppose 0 = 4*d + d + 300. Let o = d - -87. Calculate the highest common factor of y and o.
9
Let j = -17 - -37. Suppose 0 = -29*u + 31*u - 100. Calculate the highest common divisor of u and j.
10
Let p = -3 + 8. Let d(z) = 7*z + 1. Let j be d(p). Calculate the greatest common divisor of j and 90.
18
Suppose 25 = 3*t - 2*k + k, 0 = 2*t - 3*k - 19. Calculate the greatest common factor of 64 and t.
8
Let x = 38 + -23. Let t = x - 7. Suppose 3*g = -g + 8. Calculate the highest common divisor of g and t.
2
Let g = 1 + 1. Suppose -3*l = 3, -g*l - 23 = -4*w + w. Suppose -5*m - 4*q = -93, -4*q = 2*m + m - 51. What is the greatest common divisor of m and w?
7
Suppose l = -4 + 14. Calculate the highest common factor of 110 and l.
10
Let m be (-1 - 3)/(3/(-3)). Let r = m - 2. Suppose r*n - 4*n = -128. What is the greatest common divisor of 8 and n?
8
Let b = 15 - 3. What is the highest common divisor of b and 3?
3
Let q = -15 + 26. Suppose -3*t = -0*t. Suppose h + 5 = t, -4*y + 59 = -4*h + h. Calculate the greatest common divisor of y and q.
11
Let u = -10 - -4. Let d = 12 + u. What is the greatest common divisor of d and 12?
6
Let c(x) = 4*x**3 - x**2 - x + 1. Suppose -1 = 4*w - 9. Let j be 3/2*w/3. Let d be c(j). Calculate the highest common divisor of d and 24.
3
Let x(v) = -v**3 + 3*v**2 + 2*v - 1. Let l be x(3). Let c = -2 - -12. Calculate the greatest common factor of c and l.
5
Suppose -2*q + 3*q = 5. Suppose 4*m + q*i = -127 + 376, 3*i - 255 = -4*m. Calculate the greatest common divisor of m and 11.
11
Let p be 3*(1/((-2)/(-6)) + 0). Calculate the highest common divisor of p and 6.
3
Let h(i) = -i**3 + 8*i**2 - 8*i. Let m(x) = x**2 - 8*x - 14. Let f be m(10). Let j be h(f). What is the greatest common factor of j and 36?
12
Let o(d) = 2*d - 6. Let y be o(4). Suppose 0*s = -y*s + 32. What is the highest common factor of 48 and s?
16
Let h be 58/(-18) - 10/(-45). Let s = 9 + h. What is the greatest common factor of 42 and s?
6
Suppose k - 4*v - 13 = 18, -4*k - 4*v = -24. Let b = -84 + 139. Calculate the greatest common factor of k and b.
11
Suppose -4*j - 12 = 36. Let k be j/((4 - 3) + -2). Calculate the highest common factor of k and 6.
6
Let l = -45 + 55. Suppose 0 = 4*o + 12, 4*a = 3*a - o + 17. What is the highest common divisor of l and a?
10
Suppose -2*i = -6*i. Suppose i = -2*o - o + 18. What is the greatest common divisor of o and 24?
6
Let p(u) = u**2 - 3*u. Let w be p(4). Suppose -2*d = -j - 3*d + w, 44 = 5*j - d. What is the greatest common divisor of 1 and j?
1
Let v = -29 - -48. What is the greatest common factor of 19 and v?
19
Suppose 5*d = -c + 314 + 73, 312 = 4*d + 2*c. Suppose z - k - 32 = -3*z, -4 = k. Calculate the highest common factor of d and z.
7
Suppose 8*k = 6*k. Suppose 0*h + 2*h - 10 = k. What is the highest common factor of 5 and h?
5
Let v(x) = -x**2 - 11*x - 4. Let q be v(-10). What is the greatest common factor of q and 2?
2
Suppose 36 = 4*s - 300. What is the greatest common divisor of s and 12?
12
Suppose -m + 1 + 3 = 2*x, 0 = 5*x - 3*m - 32. Suppose 0 = 5*f + 2 - 12. What is the highest common factor of f and x?
2
Let y = 6 + -4. Calculate the highest common divisor of 16 and y.
2
Suppose -2*o + 4*o + 5*c - 22 = 0, 2*c = -4*o + 60. Suppose j - 3*j = 4*a - 14, -2*a + j + 9 = 0. What is the highest common factor of a and o?
4
Suppose 5*v = -z + 21, v + z + 2 - 3 = 0. What is the highest common divisor of 55 and v?
5
Suppose 3 = n + y - 2, 3 = -3*y. Suppose 3*m - 15 = 0, 5*r - 4*m + n*m = 1550. What is the greatest common factor of 28 and r?
28
Suppose 5*l - l = -16. Let r be (38 - l)*1/1. Suppose -4*d = 3*t - 7 - 8, 5*d + r = 3*t. Calculate the highest common factor of 81 and t.
9
Let o = 18 + -16. Suppose 102 = 5*p + 3*m, -3*p - o*m + m + 62 = 0. What is the greatest common divisor of 168 and p?
21
Let t = 10 - -20. Suppose q = -9 - 21. Let o = -20 - q. What is the highest common divisor of t and o?
10
Let s(k) = -12*k**3 - 3*k**2 + k + 2. Let l be s(-2). Calculate the highest common factor of 63 and l.
21
Suppose 0*p - p - 19 = -4*n, 0 = 2*p - 10. Suppose n*f - 440 = 2*f. What is the greatest common factor of 10 and f?
10
Let d(c) be the second derivative of 0 + 2*c - 1/6*c**3 + c**2. Let j be d(0). Calculate the greatest common divisor of 22 and j.
2
Suppose 0 = -2*x - 2*z, 2*x + 3*z + 4 = -z. Suppose -4*r = -2*d - 68, x*d + 14 = 2*r - r. Calculate the greatest common factor of 54 and r.
18
Let y be -36*5/(30/(-4)). Suppose -2*l - 4 + 36 = 0. What is the greatest common factor of y and l?
8
Suppose 4*h - 2*z = 266, -2*h - z + 68 = -55. What is the greatest common factor of h and 8?
8
Let y(a) = -a**2 + 7. Let k be y(-3). Let q be k/(4/(-38) + 0). Let r be 2 - (-8*2 - 1). What is the greatest common divisor of q and r?
19
Suppose -57 = -5*z + 13. What is the greatest common factor of z and 112?
14
Let q = 88 + -53. Let g(k) = 8*k - 1. Let n be g(1). Calculate the greatest common factor of n and q.
7
Suppose -3*z - 5*w + 39 + 30 = 0, 0 = 2*z + 5*w - 51. What is the highest common factor of 12 and z?
6
Let h be 147/42*-2*124/(-14). Calculate the greatest common factor of 186 and h.
62
Let p = 4 + 10. Let h = 5 + -6. Let l be -3 + h + 46 + 0. Calculate the highest common factor of l and p.
14
Let y be (-9 - -6)/(9/(-51)). Calculate the greatest common factor of 153 and y.
17
Let c(d) = d**2 - 10*d - 5. Let u = 33 + -19. Let l be c(u). What is the greatest common factor of l and 17?
17
Let s = -61 - -147. Suppose 5*b - 64 = s. What is the greatest common factor of b and 45?
15
Suppose -z + 3 = 5*v, 0*z - z - 4*v + 2 = 0. Let l = 3 - z. Let i be 1/(2 - 9/l). What is the highest common factor of 2 and i?
1
Suppose 4*c = 2*c + 3*w + 37, -2*w = 5*c - 45. What is the greatest common divisor of c and 77?
11
Suppose -3*o - 7 = -1. Let v be (-1)/o - 378/(-12). What is the highest common divisor of 8 and v?
8
Let s(m) = 25*m**3 - m**2 - m + 1. Let c be s(1). Calculate the greatest common divisor of 24 and c.
24
Suppose -8*z = -3*z - 60. Let a = 13 - 7. What is the highest common divisor of a and z?
6
Let c be 6/(-9) + (-796)/(-6). Suppose -4*t = -0*t - c. What is the highest common factor of 11 and t?
11
Let w = -2 + 4. Let g be -3 - (0 - w) - -100. Suppose 5*q = 21 + g. Calculate the greatest common factor of q and 3.
3
Suppose -3*t + 28 = t. Suppose d - 4*d = -3*c, -5*d = 2*c - t. Let j be (-22)/6*(-21)/d. Calculate the highest common factor of j and 7.
7
Suppose -z + 252 = 5*z. Calculate the highest common factor of z and 12.
6
Suppose 2*m + 10 + 42 = 0. Let r = -11 - m. Calculate the greatest common divisor of r and 5.
5
Suppose 2 + 4 = 2*d + p, 0 = 5*p - 10. Let z be 1/d + 21/6. What is the greatest common factor of z and 16?
4
Let g = -39 - -40. Calculate the highest common divisor of 9 and g.
1
Suppose 0 = -v + 6*v - 4*k - 233, -2*k - 139 = -3*v. Let t = -10 - -28. Calculate the highest common factor of v and t.
9
Suppose 11 = 4*t + 5*d, 2*t + 2 = -d - 3*d. What is the highest common divisor of 3 and t?
3
Let w be 2/4*(155 - -3). Let b = -37 + w. Calculate the highest common divisor of 28 and b.
14
Let g(x) = -4*x**3 - 3*x**2 - x + 4. Let h be g(-3). Calculate the greatest common factor of h and 8.
8
Suppose -a + 5*m - 14 = 2*a, 3*a + 5*m - 26 = 0. Let q be -3 + 13/26*(50 + 0). Calculate the greatest common divisor of a and q.
2
Let b(y) = 15*y - 8. Let w be b(9). Let m = 259 - w. Let j(q) = q**3 + q**2. Let z be j(2). What is the highest common divisor of m and z?
12
Suppose u - 5*u = -360. Let c be (-20 + 0)/(-26 + 24). What is the highest common divisor of c and u?
10
Suppose 9*y + 1105 = 1168. Let p = 81 + -18. What is the highest common divisor of y and p?
7
Suppose 1 = -5*o + 6. Let 